termine k(0).
14
Suppose 11*f + f = 8*f. Let r(x) be the second derivative of x**5/20 + x**4/12 - x**3/3 - 13*x**2/2 + 28*x - 37. Determine r(f).
-13
Suppose -49*f - 49*f = -686. Let u(k) = k**3 - 6*k**2 - 8*k + 11. Calculate u(f).
4
Let g(j) = -101*j + 5. Suppose 915*i - 12 = 927*i. Calculate g(i).
106
Let t(d) = -d**3 + 5*d**2 + 5*d - 1. Suppose -3*w = n + 48, 2*w - 3*w - 5*n - 30 = 0. Let c(l) = -l - 8. Let r be c(-7). Let o be (r - 10/w)*-18. Give t(o).
-7
Let n(f) = -2*f**2 + 3. Let m(x) = -4*x**3 - 310*x**2 - 152*x + 151. Let q be m(-77). Calculate n(q).
-15
Let v(x) = -530*x - 526*x - 1 + 1057*x. Suppose -d - 12 = -13*d. Give v(d).
0
Let r(y) = 3*y**3 - 9*y**2 - 141*y + 422. Let f be r(3). Let w(z) = 5*z**3 + 2*z**2 - 11*z - 13. What is w(f)?
-5
Let l be (4 + 3)*12/(-14). Let b(z) = 7 - 8*z + z**2 + 0*z - 3*z + 23*z - 7*z. Calculate b(l).
13
Let r = -294 + 274. Let d(j) = -26 - 3*j - 19 - 7. Let w be d(r). Let g(h) = h**3 - 7*h**2 - 6*h - 11. What is g(w)?
5
Suppose 6 = w + w - c, -w = 5*c + 19. Let s(g) = 7*g - 7. Let d(r) = -r. Let a(h) = w*s(h) + 6*d(h). Suppose -4*y - 6 = 42*m - 40*m, m + 4 = -y. Determine a(m).
-12
Let q(i) = i**2 + 3. Let m(p) = -2*p - 13. Let k be m(-12). Suppose k*y + 135 = 14*y. Let s be (-144)/y + 1/5. Give q(s).
12
Let y(u) be the second derivative of u**6/120 + u**5/10 + 5*u**4/24 + 5*u**3/6 - 31*u**2 - u - 6. Let t(h) be the first derivative of y(h). Give t(-5).
5
Let g(n) be the third derivative of -203*n**2 + 0 + 1/24*n**4 + 0*n + 1/6*n**3. Determine g(-2).
-1
Let p(z) = 2*z**2 - 239*z + 1040. Let a be p(115). Let g(u) = -16*u**2 + 80*u - 1. What is g(a)?
-1
Let b(x) = -7*x + 309. Let q be 8/(-6) - 399*(-4)/36. Calculate b(q).
8
Let x = 21 + -19. Let n(t) = t**2 - 30 - 12*t - x + 30. Give n(12).
-2
Let l(r) = 79*r - 12. Let o(h) = -15*h - 1. Let b(t) = -l(t) - 5*o(t). Give b(4).
1
Let a(m) be the second derivative of -13*m**3/6 + 74*m**2 + 1119*m. Give a(11).
5
Let r(w) be the second derivative of w**5/20 + w**4/12 - w**3/2 - w**2 - 4*w + 86. Determine r(-2).
0
Let q(m) = m**3 + 15*m**2 + 14*m + 1. Let w(r) = 7*r + 87. Let u be w(-11). Let c be -18 - (-5)/(u/8). Give q(c).
1
Let s(k) be the first derivative of 13*k**2/2 + 100*k + 9796. Calculate s(-7).
9
Suppose -118*j - 268 + 2156 = 0. Let n(q) = -q**2 + 21*q - 79. What is n(j)?
1
Let x(c) = c**3 - 21*c**2 - c + 22. Suppose -m + 14 = -v, m = -v - 3 + 31. Determine x(m).
1
Suppose -5*r = -8*r - v + 5, r = 4*v + 19. Let p(n) = -159 + 157 + 3*n**2 + n**3 - 2*n**r + n**2. What is p(4)?
-2
Suppose n + 2 = -0*n. Suppose -40 = -2*t - 5*g + 3*g, 5*t - 4*g - 118 = 0. Let x(j) = 8 + 0*j + 0*j - t + 15 - 5*j. Calculate x(n).
11
Let l(z) be the third derivative of -z**4/12 - 5*z**3/6 - 91*z**2. What is l(2)?
-9
Let g be 36/27 + (-15)/(-9) - -14. Suppose -12*x = -g*x - 15. Let l(h) be the second derivative of 2*h**3/3 + 3*h**2/2 + h. What is l(x)?
-9
Let v(o) = 5*o + 4. Let a(y) = -2*y - 1. Let k(z) = -2*a(z) - v(z). Suppose 28 = 4*u - 0*u. What is k(u)?
-9
Let h(r) = r**2 + 8*r - 14. Suppose -d = -45*d - 312 + 4. Calculate h(d).
-21
Let o be -21 - -2 - (49 - 62). Let q(a) = -a - 26. Calculate q(o).
-20
Let b(f) = -f**2 - 5*f - 3. Let x(r) be the first derivative of 23*r**2/2 - 140*r + 74. Let q be x(6). What is b(q)?
3
Suppose -s - 5*l = -15, -4*l + 57 = s + 45. Let n(m) = m + 7. Calculate n(s).
7
Let s(m) be the second derivative of 1/2*m**4 - 2*m - 1/20*m**5 - 4/3*m**3 + 20 + 7/2*m**2. Suppose -10 = -2*y - 0*y. Determine s(y).
-8
Let r(j) = -3*j - 1. Let n(d) = -d**2 - 7*d - 3. Let q(c) = -n(c) + 2*r(c). Determine q(1).
3
Let c(i) = -12*i**3 - 18*i**2 + 46*i - 17. Let d be c(-3). Let x(t) = t - 4*t + 11 + 0*t. Calculate x(d).
-10
Let u(c) = -c**2 + 23*c + 4. Let i(h) = -h**2 + 19*h + 4. Let o(g) = -3*i(g) + 2*u(g). Let f be (-4)/(-16)*53 + 3/(-12). Calculate o(f).
22
Let c(g) be the second derivative of g**5/20 + 7*g**4/4 + 20*g**3/3 + 41*g**2/2 + 1482*g. What is c(-19)?
3
Let x be 1/(2*(-3)/(-6)). Let m(v) = 13*v**2 - v - 1. Let o be m(x). Let j be (-2 + 6)/(-1) + o + 0. Let z(f) = -f**2 + 7*f - 4. Determine z(j).
-4
Let u(i) be the third derivative of -i**6/120 + i**5/6 - 7*i**4/24 + 35*i**3/3 + 5850*i**2. Determine u(10).
0
Let l(m) = -9*m**3 + 31*m + 33. Let k(y) = 7*y**3 - 2*y**2 - 28*y - 29. Let j(g) = -5*k(g) - 4*l(g). What is j(-10)?
-147
Let p(r) = 2*r - 3. Let z(u) = u**3 + 41*u**2 + 39*u - 42. Let x be z(-40). Let k be (-51)/(-34)*x/(-12)*8. What is p(k)?
1
Let g(d) = -d**3 - 18*d**2 - 18*d - 44. Let l = -19096 - -19079. What is g(l)?
-27
Suppose 2*y - 2*t - 69 = -61, y + 3*t - 4 = 0. Let l(g) be the second derivative of g + 0 - 1/12*g**y + 2*g**2 + 1/3*g**3. What is l(4)?
-4
Let j(b) be the third derivative of b**6/60 + b**5/15 + b**4/8 - 2*b**3/3 + 2229*b**2. Calculate j(-2).
-10
Let t(g) = -5*g**3 + 2. Suppose -158*m = -152*m + 12. Give t(m).
42
Let w(n) = -2*n**2 - 26*n - 59. Let h = 13886 + -13897. What is w(h)?
-15
Let c(u) be the second derivative of -u**4/12 + u**3/6 + u**2 + u + 61. Suppose 0 = -5*i - 9*x + 12*x + 4, -16 = -5*i - 3*x. Determine c(i).
0
Suppose -223 + 183 = -8*q. Suppose -q = 12*p - 11*p + l, -3*l = -p - 1. Let f(w) = -w. Determine f(p).
4
Let h(g) be the first derivative of g**4/4 + 40*g**3/3 + 38*g**2 + 26*g + 3446. Give h(-38).
26
Let c = 11 - 11. Suppose 3*w - w + 6 = c. Let k(z) be the third derivative of z**5/60 - z**4/24 - z**3/2 + 38*z**2 + 2*z. Calculate k(w).
9
Let w = 6353 - 6350. Let y(a) = 3*a**2 + 2*a - 7. Determine y(w).
26
Let q(w) = -w**2 - 10*w - 12. Let h = -100 - -172. Let m = h - 65. Suppose 0 = -2*o + m*o + 45. What is q(o)?
-3
Suppose 101 = o - 119. Let z = o - 219. Let y(d) = -15*d**3 + 1. Give y(z).
-14
Let d be 8/(-10)*((-33)/6 - 2). Suppose 6*a - d = 5*a. Suppose 5*w - 4*w = a. Let o(v) = 2*v - 9. Determine o(w).
3
Let d(p) = p + 4. Let f be d(11). Let r be -12*4/(-7 + f). Let k(u) = -u**3 - 7*u**2 - 5*u + 7. Determine k(r).
1
Let p(a) be the third derivative of -a**4/8 - 7*a**3/6 + a**2 - 152*a. Let d(u) = u**2 - 1. Let f be d(-3). Calculate p(f).
-31
Let s(i) = 8*i**2 + 29*i - 8. Let f(o) = 3*o**2 + 10*o - 5. Let z(y) = -11*f(y) + 4*s(y). Give z(8).
7
Let t(i) = 2*i + 3 - 5*i + 1642*i**3 - 1643*i**3. Determine t(3).
-33
Let x(b) = 17*b - 27. Let l(k) = -k**3 + 35*k**2 + 85*k - 398. Let s be l(37). Give x(s).
126
Let v = 2033 - 1200. Let p be 223/(-17) - (-98)/v. Let i(y) = y - 12. What is i(p)?
-25
Let q(y) = -2*y - 63. Let s = 1232 - 1266. What is q(s)?
5
Let b be (35/(-14))/5*0. Suppose -4*h + 78 - 62 = b. Let m(z) = z**2 - 7*z + 7. What is m(h)?
-5
Suppose -2*m + 1 = -5*m - 5*r, -2*m + 1 = 3*r. Let z = m + -3. Let w(k) be the first derivative of -k**4/4 + 4*k**3/3 + 5*k**2/2 - 4*k - 651. Determine w(z).
-4
Let r = 76 - 72. Suppose 0 = 2*p + 4*p - r*p. Suppose -2*k + 12 = -p. Let v(n) = n - 7. Calculate v(k).
-1
Let y(w) = -w - 31. Let r(m) = -51. Let c(i) = 6*r(i) - 9*y(i). Calculate c(-10).
-117
Let r be -13 - (-34 - -10) - 11. Let h(m) be the third derivative of 0*m + 1/6*m**3 - 9*m**2 + 5/24*m**4 + r. Give h(-1).
-4
Suppose -2*l - 266 = -3*f, 7*l - 5*f = 3*l - 528. Let m = 132 + l. Suppose 6*h + m = -1. Let p(j) = -j. Determine p(h).
1
Let y(c) be the third derivative of -c**6/120 - c**5/60 + c**4/24 + c**3/6 + c**2. Suppose q + 4*r - 49 = 0, -187*q - 3*r + 27 = -183*q. Give y(q).
16
Let l(k) = -k - 6. Let w(g) = -2*g - 5. Let s = -17 + 10. Suppose 0 = 995*y - 992*y - 3, y = -5*v + 31. Let f(d) = s*w(d) + v*l(d). Calculate f(1).
7
Suppose 0 = 9*g - 2003 + 1931. Let d(x) = x**3 - 8*x**2 + 3*x - 15. Give d(g).
9
Let g(c) = c**3 - 3*c**2 + 2*c - 4. Let m be g(3). Let t(j) = -28*j + 1 - 2 + 4 - m. Give t(1).
-27
Suppose -4*n + 12 = -0. Let v(m) be the second derivative of m**4/4 - m**3/2 - m**2/2 + 15241*m. Calculate v(n).
17
Let g(k) = -3*k**2 + 2*k + 11. Suppose 12*r = -5*r + r + 80. Calculate g(r).
-54
Let c = -5095 - -5098. Let m(s) be the third derivative of 0*s - 1/24*s**4 + 5*s**2 - 1/3*s**c + 0. What is m(0)?
-2
Suppose 0 = 5*r + 3*w - 7, r - 4*w - 12 = -3*r. Suppose -15*z + r*z - 364 = 0. Let n be z/(-49) - 12/21. Let l(g) = -g**2 - 1. Give l(n).
-1
Let u(w) = -5*w - 4. Suppose -5*q = -5, 6*q - 9 = -2*c + 5*q. Suppose -3*l + 2*l = -6. Suppose 0 = c*g + 14 - l. Determine u(g).
6
Let z(